{"id":7012,"date":"2024-10-02T13:06:39","date_gmt":"2024-10-02T11:06:39","guid":{"rendered":"https:\/\/www.loano2village.it\/offerte\/offre-halloween-comprenant-le-diner-avec-les-enseignants\/"},"modified":"2024-11-06T14:41:09","modified_gmt":"2024-11-06T13:41:09","slug":"offre-halloween-comprenant-le-diner-avec-les-enseignants","status":"publish","type":"offerte","link":"https:\/\/www.loano2village.it\/fr\/offres\/offre-halloween-comprenant-le-diner-avec-les-enseignants\/","title":{"rendered":"Offre Halloween comprenant le D\u00eener avec les enseignants"},"content":{"rendered":"\n<p class=\"has-text-align-center\"><strong>Le vendredi 1er novembre, <\/strong>ne manquez pas le <strong>d\u00eener anim\u00e9<\/strong> consacr\u00e9 au <strong>magicien le plus c\u00e9l\u00e8bre du monde<\/strong>, qui se tiendra dans la salle Luna Rossa du Loano 2 Village, organis\u00e9 par le Centro Culturale Polivalente et la Fipe Confcommercio Loano en collaboration avec Genova Dreams<br\/>et parrain\u00e9 par la municipalit\u00e9 de Loano.<\/p>\n\n<p class=\"has-text-align-center has-luminous-vivid-orange-color has-text-color has-link-color wp-elements-1c26c7af6bab8f11027d1c63f5687e17\"><strong>Offrez-vous une exp\u00e9rience unique!<\/strong><\/p>\n\n<p class=\"has-text-align-center\">Le cadre de la soir\u00e9e sera inspir\u00e9 de la c\u00e9l\u00e8bre saga: les professeurs pr\u00e9sideront le d\u00eener,<br\/>la salle sera compos\u00e9e de longues tables d\u00e9di\u00e9es aux quatre Maisons et enrichie de d\u00e9corations qui \u00e9voqueront une atmosph\u00e8re magique.<\/p>\n\n<p class=\"has-text-align-center\">Pendant le d\u00eener, les professeurs divertiront les adultes et les enfants avec de la magie et des jeux.<\/p>\n\n<p class=\"has-text-align-center has-luminous-vivid-orange-color has-text-color has-link-color wp-elements-c4f4347b4be1958827a63202dcd3c3a0\"><strong>Voici le menu du d\u00eener avec les professeurs!<\/strong><\/p>\n\n<figure class=\"wp-block-image size-large\"><img fetchpriority=\"high\" decoding=\"async\" width=\"724\" height=\"1024\" src=\"https:\/\/www.loano2village.it\/wp-content\/uploads\/2024\/10\/MENU-CENA-CON-I-PROFESSORI-724x1024.jpg\" alt=\"\" class=\"wp-image-6927\" srcset=\"https:\/\/www.loano2village.it\/wp-content\/uploads\/2024\/10\/MENU-CENA-CON-I-PROFESSORI-724x1024.jpg 724w, https:\/\/www.loano2village.it\/wp-content\/uploads\/2024\/10\/MENU-CENA-CON-I-PROFESSORI-212x300.jpg 212w, https:\/\/www.loano2village.it\/wp-content\/uploads\/2024\/10\/MENU-CENA-CON-I-PROFESSORI-768x1086.jpg 768w, https:\/\/www.loano2village.it\/wp-content\/uploads\/2024\/10\/MENU-CENA-CON-I-PROFESSORI-1086x1536.jpg 1086w, https:\/\/www.loano2village.it\/wp-content\/uploads\/2024\/10\/MENU-CENA-CON-I-PROFESSORI.jpg 1414w\" sizes=\"(max-width: 724px) 100vw, 724px\" \/><\/figure>\n\n<p class=\"has-text-align-center\">L&rsquo;offre comprend un <strong>check-in anticip\u00e9 \u00e0 12 heures<\/strong> et un <strong>check-out tardif \u00e0 12 heures<\/strong> pour un d\u00e9part plus tranquille.<\/p>\n\n<p class=\"has-text-align-center\">En outre, en tant qu&rsquo;h\u00f4tes de Loano 2 Village, vous b\u00e9n\u00e9ficiez d&rsquo;une r\u00e9duction de 50 % sur les billets pour les spectacles de LoaWarts \u00e0 Loano. <\/p>\n\n<p class=\"has-text-align-center\">Les billets pour le petit train qui vous emm\u00e8nera \u00e0 travers la vieille ville, le long d&rsquo;un parcours de jeux, d&rsquo;animations, du Village Magique et de spectacles, peuvent \u00eatre achet\u00e9s directement \u00e0 notre r\u00e9ception.<\/p>\n\n<p class=\"has-text-align-center has-luminous-vivid-orange-color has-text-color has-link-color wp-elements-16ea1326ad2c16b77362b08c79bbc7db\"><strong>D\u00e9p\u00eachez-vous, les places sont limit\u00e9es!<\/strong><\/p>\n\n<p><\/p>\n\n<p><\/p>\n\n<div class=\"wp-block-buttons has-custom-font-size has-medium-font-size is-content-justification-center is-layout-flex wp-container-core-buttons-is-layout-a89b3969 wp-block-buttons-is-layout-flex\">\n<div class=\"wp-block-button\"><a class=\"wp-block-button__link has-white-color has-luminous-vivid-orange-background-color has-text-color has-background has-link-color has-text-align-center wp-element-button\" href=\"https:\/\/reservations.verticalbooking.com\/premium\/index_pacchetti_2.html?id_albergo=945&amp;dc=123&amp;lingua_int=ita&amp;id_stile=12558&amp;id_prodotto_sel=478\" target=\"_blank\" rel=\"noopener\"><strong>R\u00e9server 1 NUIT en DEMI-PENSION<\/strong><\/a><\/div>\n<\/div>\n\n<p><\/p>\n\n<div class=\"wp-block-buttons is-content-justification-center is-layout-flex wp-container-core-buttons-is-layout-a89b3969 wp-block-buttons-is-layout-flex\">\n<div class=\"wp-block-button\"><a class=\"wp-block-button__link has-white-color has-luminous-vivid-orange-background-color has-text-color has-background has-link-color wp-element-button\" href=\"https:\/\/reservations.verticalbooking.com\/premium\/index_pacchetti_2.html?id_albergo=945&amp;dc=123&amp;lingua_int=ita&amp;id_stile=12558&amp;id_prodotto_sel=440\" target=\"_blank\" rel=\"noopener\"><strong>R\u00e9servez 2 NUITS en DEMI-PENSION<\/strong><\/a><\/div>\n<\/div>\n\n<p><\/p>\n\n<div class=\"wp-block-buttons is-content-justification-center is-layout-flex wp-container-core-buttons-is-layout-a89b3969 wp-block-buttons-is-layout-flex\">\n<div class=\"wp-block-button\"><a class=\"wp-block-button__link has-white-color has-vivid-green-cyan-background-color has-text-color has-background has-link-color wp-element-button\" href=\"https:\/\/reservations.verticalbooking.com\/premium\/index_pacchetti_2.html?id_albergo=945&amp;dc=123&amp;lingua_int=ita&amp;id_stile=12558&amp;id_prodotto_sel=442\" target=\"_blank\" rel=\"noopener\"><strong>R\u00e9server 2-4 NUITS dans un APPARTEMENT<\/strong><\/a><\/div>\n<\/div>\n\n<p><\/p>\n\n<div class=\"wp-block-buttons is-content-justification-center is-layout-flex wp-container-core-buttons-is-layout-a89b3969 wp-block-buttons-is-layout-flex\"><\/div>\n\n<p><\/p>\n","protected":false},"excerpt":{"rendered":"<p>Le vendredi 1er novembre, ne manquez pas le d\u00eener anim\u00e9 consacr\u00e9 au magicien le plus c\u00e9l\u00e8bre du monde, qui se tiendra dans la salle Luna Rossa du Loano 2 Village, organis\u00e9 par le Centro Culturale Polivalente et la Fipe Confcommercio Loano en collaboration avec Genova Dreamset parrain\u00e9 par la municipalit\u00e9 de Loano. Offrez-vous une exp\u00e9rience [&hellip;]<\/p>\n","protected":false},"featured_media":6695,"template":"","class_list":["post-7012","offerte","type-offerte","status-publish","has-post-thumbnail","hentry"],"_links":{"self":[{"href":"https:\/\/www.loano2village.it\/fr\/wp-json\/wp\/v2\/offerte\/7012","targetHints":{"allow":["GET"]}}],"collection":[{"href":"https:\/\/www.loano2village.it\/fr\/wp-json\/wp\/v2\/offerte"}],"about":[{"href":"https:\/\/www.loano2village.it\/fr\/wp-json\/wp\/v2\/types\/offerte"}],"version-history":[{"count":1,"href":"https:\/\/www.loano2village.it\/fr\/wp-json\/wp\/v2\/offerte\/7012\/revisions"}],"predecessor-version":[{"id":7013,"href":"https:\/\/www.loano2village.it\/fr\/wp-json\/wp\/v2\/offerte\/7012\/revisions\/7013"}],"wp:featuredmedia":[{"embeddable":true,"href":"https:\/\/www.loano2village.it\/fr\/wp-json\/wp\/v2\/media\/6695"}],"wp:attachment":[{"href":"https:\/\/www.loano2village.it\/fr\/wp-json\/wp\/v2\/media?parent=7012"}],"curies":[{"name":"wp","href":"https:\/\/api.w.org\/{rel}","templated":true}]}}

Offre Halloween comprenant le Dîner avec les enseignants

<p class="has-text-align-center"><strong>Le vendredi 1er novembre, </strong>ne manquez pas le <strong>dîner animé</strong> consacré au <strong>magicien le plus célèbre du monde</strong>, qui se tiendra dans la salle Luna Rossa du Loano 2 Village, organisé par le Centro Culturale Polivalente et la Fipe Confcommercio Loano en collaboration avec Genova Dreams<br/>et parrainé par la municipalité de Loano.</p>

<p class="has-text-align-center has-luminous-vivid-orange-color has-text-color has-link-color wp-elements-1c26c7af6bab8f11027d1c63f5687e17"><strong>Offrez-vous une expérience unique!</strong></p>

<p class="has-text-align-center">Le cadre de la soirée sera inspiré de la célèbre saga: les professeurs présideront le dîner,<br/>la salle sera composée de longues tables dédiées aux quatre Maisons et enrichie de décorations qui évoqueront une atmosphère magique.</p>

<p class="has-text-align-center">Pendant le dîner, les professeurs divertiront les adultes et les enfants avec de la magie et des jeux.</p>

<p class="has-text-align-center has-luminous-vivid-orange-color has-text-color has-link-color wp-elements-c4f4347b4be1958827a63202dcd3c3a0"><strong>Voici le menu du dîner avec les professeurs!</strong></p>

<figure class="wp-block-image size-large"><img fetchpriority="high" decoding="async" width="724" height="1024" src="https://www.loano2village.it/wp-content/uploads/2024/10/MENU-CENA-CON-I-PROFESSORI-724x1024.jpg" alt="" class="wp-image-6927" srcset="https://www.loano2village.it/wp-content/uploads/2024/10/MENU-CENA-CON-I-PROFESSORI-724x1024.jpg 724w, https://www.loano2village.it/wp-content/uploads/2024/10/MENU-CENA-CON-I-PROFESSORI-212x300.jpg 212w, https://www.loano2village.it/wp-content/uploads/2024/10/MENU-CENA-CON-I-PROFESSORI-768x1086.jpg 768w, https://www.loano2village.it/wp-content/uploads/2024/10/MENU-CENA-CON-I-PROFESSORI-1086x1536.jpg 1086w, https://www.loano2village.it/wp-content/uploads/2024/10/MENU-CENA-CON-I-PROFESSORI.jpg 1414w" sizes="(max-width: 724px) 100vw, 724px" /></figure>

<p class="has-text-align-center">L&rsquo;offre comprend un <strong>check-in anticipé à 12 heures</strong> et un <strong>check-out tardif à 12 heures</strong> pour un départ plus tranquille.</p>

<p class="has-text-align-center">En outre, en tant qu&rsquo;hôtes de Loano 2 Village, vous bénéficiez d&rsquo;une réduction de 50 % sur les billets pour les spectacles de LoaWarts à Loano. </p>

<p class="has-text-align-center">Les billets pour le petit train qui vous emmènera à travers la vieille ville, le long d&rsquo;un parcours de jeux, d&rsquo;animations, du Village Magique et de spectacles, peuvent être achetés directement à notre réception.</p>

<p class="has-text-align-center has-luminous-vivid-orange-color has-text-color has-link-color wp-elements-16ea1326ad2c16b77362b08c79bbc7db"><strong>Dépêchez-vous, les places sont limitées!</strong></p>

<p></p>

<p></p>

<div class="wp-block-buttons has-custom-font-size has-medium-font-size is-content-justification-center is-layout-flex wp-container-core-buttons-is-layout-a89b3969 wp-block-buttons-is-layout-flex">
<div class="wp-block-button"><a class="wp-block-button__link has-white-color has-luminous-vivid-orange-background-color has-text-color has-background has-link-color has-text-align-center wp-element-button" href="https://reservations.verticalbooking.com/premium/index_pacchetti_2.html?id_albergo=945&amp;dc=123&amp;lingua_int=ita&amp;id_stile=12558&amp;id_prodotto_sel=478" target="_blank" rel="noopener"><strong>Réserver 1 NUIT en DEMI-PENSION</strong></a></div>
</div>

<p></p>

<div class="wp-block-buttons is-content-justification-center is-layout-flex wp-container-core-buttons-is-layout-a89b3969 wp-block-buttons-is-layout-flex">
<div class="wp-block-button"><a class="wp-block-button__link has-white-color has-luminous-vivid-orange-background-color has-text-color has-background has-link-color wp-element-button" href="https://reservations.verticalbooking.com/premium/index_pacchetti_2.html?id_albergo=945&amp;dc=123&amp;lingua_int=ita&amp;id_stile=12558&amp;id_prodotto_sel=440" target="_blank" rel="noopener"><strong>Réservez 2 NUITS en DEMI-PENSION</strong></a></div>
</div>

<p></p>

<div class="wp-block-buttons is-content-justification-center is-layout-flex wp-container-core-buttons-is-layout-a89b3969 wp-block-buttons-is-layout-flex">
<div class="wp-block-button"><a class="wp-block-button__link has-white-color has-vivid-green-cyan-background-color has-text-color has-background has-link-color wp-element-button" href="https://reservations.verticalbooking.com/premium/index_pacchetti_2.html?id_albergo=945&amp;dc=123&amp;lingua_int=ita&amp;id_stile=12558&amp;id_prodotto_sel=442" target="_blank" rel="noopener"><strong>Réserver 2-4 NUITS dans un APPARTEMENT</strong></a></div>
</div>

<p></p>

<div class="wp-block-buttons is-content-justification-center is-layout-flex wp-container-core-buttons-is-layout-a89b3969 wp-block-buttons-is-layout-flex"></div>

<p></p>

<p>Le vendredi 1er novembre, ne manquez pas le dîner animé consacré au magicien le plus célèbre du monde, qui se tiendra dans la salle Luna Rossa du Loano 2 Village, organisé par le Centro Culturale Polivalente et la Fipe Confcommercio Loano en collaboration avec Genova Dreamset parrainé par la municipalité de Loano. Offrez-vous une expérience [&hellip;]</p>
