{"id":4682,"date":"2024-04-15T12:00:05","date_gmt":"2024-04-15T10:00:05","guid":{"rendered":"https:\/\/loano2village.digiside.it\/offerte\/paquet-vacances-avec-plage-incluse\/"},"modified":"2024-04-30T16:22:44","modified_gmt":"2024-04-30T14:22:44","slug":"paquet-vacances-avec-plage-incluse","status":"publish","type":"offerte","link":"https:\/\/www.loano2village.it\/fr\/offres\/paquet-vacances-avec-plage-incluse\/","title":{"rendered":"Paquet Vacances avec plage incluse"},"content":{"rendered":"\n<p><strong>Nous vous r\u00e9servons la plage! <br\/><\/strong><br\/>Savourez d\u00e9j\u00e0 vos vacances, nous nous occuperons de la r\u00e9servation de<br\/>chaises longues et de parasols pour vous sur une plage de Loano.<br\/><br\/>Le <strong>Paquet Vacances avec plage <\/strong> est disponible pour nos clients<br\/><strong>de mai \u00e0 septembre<\/strong><br\/>pour un s\u00e9jour minimum de <strong>3 nuits<\/strong> en h\u00f4tel ou <strong>5 nuits<\/strong> en appartement,<br\/>sous r\u00e9serve de disponibilit\u00e9.<br\/> <\/p>\n\n<p class=\"has-luminous-vivid-orange-color has-text-color has-link-color wp-elements-536b23f3bfad66d81869aa93080c2722\"><a href=\"https:\/\/reservations.verticalbooking.com\/premium\/index_pacchetti_2.html?id_albergo=945&amp;dc=123&amp;lingua_int=ita&amp;id_stile=12558&amp;id_prodotto_sel=388\" target=\"_blank\" rel=\"noreferrer noopener\"><strong>calculer le PRIX IN APPARTAMENTO dans la formule de r\u00e9sidence<\/strong><\/a><\/p>\n\n<p class=\"has-luminous-vivid-orange-color has-text-color has-link-color wp-elements-1c165ccd23bf787e1fac41bb593eed0d\"><a href=\"https:\/\/reservations.verticalbooking.com\/premium\/index_pacchetti_2.html?id_albergo=945&amp;dc=123&amp;lingua_int=ita&amp;id_stile=12558&amp;id_prodotto_sel=380\" target=\"_blank\" rel=\"noreferrer noopener\"><strong>CALCULER le PRIX dans la formule de l&rsquo;h\u00f4tel<\/strong><\/a><\/p>\n\n<p><strong><br\/><\/strong>Les tarifs comprennent tous les services du Loano 2 Village disponibles pendant votre s\u00e9jour<br\/>et <strong>entr\u00e9e \u00e0 la plage \u00e9quip\u00e9e<\/strong> d&rsquo;<strong>un parasol et de deux transats<\/strong> (\u00e0 l&rsquo;exception des premiers rangs)<br\/>pour un maximum de <strong>4 personnes <\/strong> (2 adultes et 2 enfants).<br\/><br\/>Vous pouvez rejoindre votre plage \u00e9quip\u00e9e gr\u00e2ce \u00e0 <strong>notre service de navette gratuit<\/strong>,<br\/>disponible toutes les demi-heures jusqu&rsquo;avant le d\u00eener. Les plages sont situ\u00e9es sur une large plage de sable,<br\/>offrent des services et des jeux pour les enfants et un service de bar et de restaurant.<br\/><br\/>La r\u00e9servation est confirm\u00e9e \u00e0 la r\u00e9ception de l&rsquo;acompte.<br\/>Le paquet vacances avec plage ne peut pas \u00eatre combin\u00e9 avec les offres actuelles<br\/>et peut \u00eatre soumis \u00e0 une date d&rsquo;expiration anticip\u00e9e.<br\/><br\/>Pour toute information ou pour recevoir des devis sur mesure,<\/p>\n\n<h3 class=\"wp-block-heading\"><strong>CONTACTEZ-NOUS<\/strong><\/h3>\n\n<h3 class=\"wp-block-heading\"><strong><a href=\"tel:003901967911\">+39 019 67911  <\/a><\/strong><\/h3>\n","protected":false},"excerpt":{"rendered":"<p>Nous vous r\u00e9servons la plage! Savourez d\u00e9j\u00e0 vos vacances, nous nous occuperons de la r\u00e9servation dechaises longues et de parasols pour vous sur une plage de Loano. Le Paquet Vacances avec plage est disponible pour nos clientsde mai \u00e0 septembrepour un s\u00e9jour minimum de 3 nuits en h\u00f4tel ou 5 nuits en appartement,sous r\u00e9serve de [&hellip;]<\/p>\n","protected":false},"featured_media":4276,"template":"","class_list":["post-4682","offerte","type-offerte","status-publish","has-post-thumbnail","hentry"],"_links":{"self":[{"href":"https:\/\/www.loano2village.it\/fr\/wp-json\/wp\/v2\/offerte\/4682","targetHints":{"allow":["GET"]}}],"collection":[{"href":"https:\/\/www.loano2village.it\/fr\/wp-json\/wp\/v2\/offerte"}],"about":[{"href":"https:\/\/www.loano2village.it\/fr\/wp-json\/wp\/v2\/types\/offerte"}],"version-history":[{"count":0,"href":"https:\/\/www.loano2village.it\/fr\/wp-json\/wp\/v2\/offerte\/4682\/revisions"}],"wp:featuredmedia":[{"embeddable":true,"href":"https:\/\/www.loano2village.it\/fr\/wp-json\/wp\/v2\/media\/4276"}],"wp:attachment":[{"href":"https:\/\/www.loano2village.it\/fr\/wp-json\/wp\/v2\/media?parent=4682"}],"curies":[{"name":"wp","href":"https:\/\/api.w.org\/{rel}","templated":true}]}}

<p><strong>Nous vous réservons la plage! <br/></strong><br/>Savourez déjà vos vacances, nous nous occuperons de la réservation de<br/>chaises longues et de parasols pour vous sur une plage de Loano.<br/><br/>Le <strong>Paquet Vacances avec plage </strong> est disponible pour nos clients<br/><strong>de mai à septembre</strong><br/>pour un séjour minimum de <strong>3 nuits</strong> en hôtel ou <strong>5 nuits</strong> en appartement,<br/>sous réserve de disponibilité.<br/> </p>

<p class="has-luminous-vivid-orange-color has-text-color has-link-color wp-elements-536b23f3bfad66d81869aa93080c2722"><a href="https://reservations.verticalbooking.com/premium/index_pacchetti_2.html?id_albergo=945&amp;dc=123&amp;lingua_int=ita&amp;id_stile=12558&amp;id_prodotto_sel=388" target="_blank" rel="noreferrer noopener"><strong>calculer le PRIX IN APPARTAMENTO dans la formule de résidence</strong></a></p>

<p class="has-luminous-vivid-orange-color has-text-color has-link-color wp-elements-1c165ccd23bf787e1fac41bb593eed0d"><a href="https://reservations.verticalbooking.com/premium/index_pacchetti_2.html?id_albergo=945&amp;dc=123&amp;lingua_int=ita&amp;id_stile=12558&amp;id_prodotto_sel=380" target="_blank" rel="noreferrer noopener"><strong>CALCULER le PRIX dans la formule de l&rsquo;hôtel</strong></a></p>

<p><strong><br/></strong>Les tarifs comprennent tous les services du Loano 2 Village disponibles pendant votre séjour<br/>et <strong>entrée à la plage équipée</strong> d&rsquo;<strong>un parasol et de deux transats</strong> (à l&rsquo;exception des premiers rangs)<br/>pour un maximum de <strong>4 personnes </strong> (2 adultes et 2 enfants).<br/><br/>Vous pouvez rejoindre votre plage équipée grâce à <strong>notre service de navette gratuit</strong>,<br/>disponible toutes les demi-heures jusqu&rsquo;avant le dîner. Les plages sont situées sur une large plage de sable,<br/>offrent des services et des jeux pour les enfants et un service de bar et de restaurant.<br/><br/>La réservation est confirmée à la réception de l&rsquo;acompte.<br/>Le paquet vacances avec plage ne peut pas être combiné avec les offres actuelles<br/>et peut être soumis à une date d&rsquo;expiration anticipée.<br/><br/>Pour toute information ou pour recevoir des devis sur mesure,</p>

<h3 class="wp-block-heading"><strong>CONTACTEZ-NOUS</strong></h3>

<h3 class="wp-block-heading"><strong><a href="tel:003901967911">+39 019 67911  </a></strong></h3>

<p>Nous vous réservons la plage! Savourez déjà vos vacances, nous nous occuperons de la réservation dechaises longues et de parasols pour vous sur une plage de Loano. Le Paquet Vacances avec plage est disponible pour nos clientsde mai à septembrepour un séjour minimum de 3 nuits en hôtel ou 5 nuits en appartement,sous réserve de [&hellip;]</p>
